alse
Does 17 divide 117308326?
False
Does 3 divide 53335581?
True
Is 185 a factor of 20664330?
False
Is 433 a factor of 19930990?
True
Does 65 divide 66815255?
True
Is 1500 a factor of 15341941?
False
Is 373392973 a multiple of 5221?
False
Is 1706 a factor of 2821851?
False
Is 654976 a multiple of 14?
True
Is 17528867 a multiple of 13?
False
Is 123 a factor of 14594319?
True
Is 80 a factor of 74716880?
True
Does 111 divide 36652089?
True
Is 122 a factor of 3672932?
True
Does 1097 divide 154128500?
True
Is 9527 a factor of 4910374596?
False
Does 862 divide 50248566?
True
Does 599 divide 55622632?
False
Is 30 a factor of 102214506?
False
Does 680 divide 65088102?
False
Is 13 a factor of 103078591?
False
Is 3 a factor of 49177899?
True
Is 42281469 a multiple of 669?
True
Is 3797627 a multiple of 67?
True
Is 145909093 a multiple of 407?
True
Does 725 divide 225323475?
True
Does 243 divide 80070404?
False
Is 297 a factor of 26570214?
True
Is 22 a factor of 82064826?
False
Is 199 a factor of 2136605?
False
Is 828 a factor of 4755953?
False
Does 195 divide 1013828985?
True
Does 672 divide 343129920?
True
Is 257 a factor of 1923008880?
False
Is 3154966410 a multiple of 587?
False
Does 53 divide 20974538?
True
Is 628535154 a multiple of 2262?
True
Is 374135530 a multiple of 8?
False
Is 11004945 a multiple of 26?
False
Is 59749906 a multiple of 228?
False
Is 218 a factor of 85589198?
True
Is 38518776 a multiple of 703?
True
Is 32 a factor of 48050016?
True
Is 2108496 a multiple of 124?
True
Does 4 divide 1489901?
False
Does 17 divide 681976004?
False
Does 83 divide 166993112?
False
Is 8 a factor of 8791184?
True
Is 20796342 a multiple of 2?
True
Does 3935 divide 217676903?
False
Is 494 a factor of 2470177989?
False
Is 37 a factor of 32820036?
True
Is 2230809 a multiple of 3?
True
Is 33 a factor of 834502185?
True
Is 33693132 a multiple of 33?
True
Is 11 a factor of 93929974?
False
Does 2171 divide 41611854?
False
Is 491665395 a multiple of 1752?
False
Is 313 a factor of 549281509?
True
Is 26728024 a multiple of 5?
False
Does 6002 divide 416490784?
True
Is 234 a factor of 280682766?
True
Is 24097704 a multiple of 37?
False
Is 284 a factor of 4344326342?
False
Is 66852984 a multiple of 88?
True
Does 1321 divide 28886091?
False
Is 95889152 a multiple of 34?
False
Is 778211499 a multiple of 3417?
True
Is 349 a factor of 113885331?
True
Is 44007192 a multiple of 54?
True
Does 581 divide 20915419?
True
Is 2932 a factor of 47135567?
False
Does 625 divide 64403750?
True
Is 304671348 a multiple of 3434?
True
Is 15867648 a multiple of 142?
True
Does 33 divide 2015060903?
False
Does 13 divide 195986971?
False
Is 184 a factor of 523249448?
True
Does 1440 divide 612988838?
False
Is 18471786 a multiple of 1114?
False
Is 24 a factor of 2664873160?
False
Is 605458769 a multiple of 42?
False
Is 5703 a factor of 275654505?
True
Is 159 a factor of 12217544?
False
Is 82 a factor of 169184532?
True
Does 67 divide 395162516?
True
Is 5139267 a multiple of 53?
False
Is 1319 a factor of 138700328?
False
Does 31 divide 559980671?
False
Is 140606028 a multiple of 2206?
True
Is 213823764 a multiple of 434?
False
Is 4576861152 a multiple of 866?
False
Does 1561 divide 447418050?
False
Does 23 divide 6071667?
False
Is 238 a factor of 102985890?
False
Is 42953653 a multiple of 8?
False
Does 47 divide 53019713?
True
Is 2184 a factor of 72103606?
False
Is 64870985 a multiple of 3?
False
Is 2 a factor of 2375199?
False
Is 76907267 a multiple of 58?
False
Does 2564 divide 80828161?
False
Is 6 a factor of 344216209?
False
Is 113783005 a multiple of 329?
True
Is 313412 a multiple of 44?
True
Is 134746517 a multiple of 4?
False
Is 30307385 a multiple of 133?
False
Does 281 divide 19632310?
False
Is 10059678 a multiple of 43?
True
Does 300 divide 361937400?
True
Is 27875616 a multiple of 410?
False
Is 24 a factor of 853343?
False
Is 5114282 a multiple of 60?
False
Is 25142003 a multiple of 171?
False
Is 112 a factor of 159893664?
True
Is 191 a factor of 29458127?
False
Is 5 a factor of 479414170?
True
Is 383357049 a multiple of 12?
False
Is 1310654817 a multiple of 71?
True
Is 3474 a factor of 2813464804?
False
Is 430665795 a multiple of 29?
False
Is 418 a factor of 5331894?
False
Is 8 a factor of 533469317?
False
Is 76 a factor of 592265975?
False
Is 46 a factor of 1217985?
False
Is 135 a factor of 5707155?
False
Does 6358 divide 305940602?
True
Is 651811037 a multiple of 32?
False
Does 1168 divide 59131168?
True
Does 3774 divide 49684710?
True
Does 359 divide 255723546?
False
Is 68522272 a multiple of 26?
True
Is 6691970 a multiple of 155?
True
Does 3 divide 81107676?
True
Is 1682 a factor of 712877014?
True
Is 820969542 a multiple of 74?
True
Does 11 divide 6215940247?
True
Is 3563950 a multiple of 5?
True
Is 6557067 a multiple of 3?
True
Is 2071941639 a multiple of 5643?
False
Is 8 a factor of 130404536?
True
Is 23 a factor of 74984666?
False
Is 197228369 a multiple of 12?
False
Is 3553312 a multiple of 29?
True
Does 1077 divide 187595250?
False
Is 12 a factor of 246157308?
True
Is 645491653 a multiple of 1268?
False
Is 22 a factor of 136668708?
True
Is 1030 a factor of 63584990?
True
Is 25 a factor of 657877?
False
Is 488561016 a multiple of 1832?
False
Is 949 a factor of 551670685?
False
Is 13 a factor of 1001258?
False
Is 80319933 a multiple of 207?
True
Does 264 divide 737181020?
False
Is 1074136 a multiple of 8?
True
Does 14 divide 438283277?
False
Is 56352960 a multiple of 72?
True
Does 483 divide 40634626?
False
Is 1085187490 a multiple of 47?
False
Does 6538 divide 1698748926?
True
Is 13743757 a multiple of 3725?
False
Is 164300 a multiple of 155?
True
Is 15048960 a multiple of 384?
True
Does 3024 divide 152689846?
False
Does 231 divide 270670554?
True
Is 307711280 a multiple of 8630?
True
Is 43 a factor of 25123309?
True
Is 65704464 a multiple of 9?
True
Is 104815008 a multiple of 288?
True
Is 39541447 a multiple of 9?
False
Does 1131 divide 144846138?
False
Does 161 divide 158305021?
True
Does 67 divide 146647389?
True
Does 75 divide 48687750?
True
Does 6592 divide 808003356?
False
Is 150146037 a multiple of 37?
True
Is 465854785 a multiple of 55?
True
Is 1619 a factor of 2053191515?
True
Does 5414 divide 675802550?
True
Is 71948673 a multiple of 342?
False
Is 765713675 a multiple of 208?
False
Is 6840600 a multiple of 104?
True
Is 361800684 a multiple of 6678?
True
Is 435 a factor of 7735889?
False
Is 59239512 a multiple of 514?
False
Is 2939 a factor of 622277409?
True
Is 5058237 a multiple of 57?
True
Is 244712346 a multiple of 351?
False
Is 7 a factor of 4495912827?
True
Is 5484219052 a multiple of 38?
True
Is 374 a factor of 518713513?
False
Does 869 divide 257851418?
True
Is 17924510 a multiple of 1367?
False
Does 83 divide 45872606?
True
Does 14 divide 24247454?
True
Is 19742890 a multiple of 1865?
True
Does 2124 divide 57055501?
False
Is 90646644 a multiple of 1254?
True
Is 122010642 a multiple of 2577?
True
Does 3337 divide 2926759231?
True
Is 29 a factor of 55962307?
False
Is 7582865 a multiple of 11?
False
Is 37 a factor of 210686991?
True
Does 23 divide 14115905?
True
Is 3572412390 a multiple of 3555?
True
Does 407 divide 9079356?
True
Does 11 divide 2260769503?
False
Does 40 divide 4135199289?
False
Is 83 a factor of 519586914?
False
Is 935619054 a multiple of 26?
False
Is 886 a factor of 11449905?
False
Is 221396181 a multiple of 881?
True
Is 3598 a multiple of 7?
True
Does 1403 divide 172904317?
True
Is 92 a factor of 2423561152?
True
Is 578412951 a multiple of 35?
False
Does 102 divide 2206056?
True
Is 8540877202 a multiple of 10?
False
Does 16 divide 35594861?
False
Does 558 divide 7946336?
False
Does 47 divide 1095506137?
False
Is 383734038 a multiple of 996?
False
Is 15678352 a multiple of 8?
True
Does 1242 divide 176997420?
True
Is 331 a factor of 3437104?
True
Is 3 a factor of 161150985?
True
Does 97 divide 153863377?
False
Is 39 a factor of 1666826390?
False
Is 119 a factor of 50065561?
True
Is 147 a factor of 27609099?
True
Does 1247 divide 224659520?
True
Does 40 divide 2686160?
True
Is 272 a factor of 2928351968?
False
Is 9235170 a multiple of 642?
True
Does 61 divide 4589152?
True
Is 781186785 a multiple of 617?
True
Does 3 divide 401699536?
False